{"id":8,"date":"2023-06-14T14:13:07","date_gmt":"2023-06-14T14:13:07","guid":{"rendered":"https:\/\/ulaszalkowska.com\/?page_id=8"},"modified":"2025-04-16T06:37:20","modified_gmt":"2025-04-16T06:37:20","slug":"strona-glowna","status":"publish","type":"page","link":"https:\/\/ulaszalkowska.com\/","title":{"rendered":"Strona g\u0142\u00f3wna"},"content":{"rendered":"\n<p>Witaj!<\/p>\n\n\n\n<p>Dzi\u0119kuj\u0119, \u017ce odwiedzasz moj\u0105 stron\u0119.<\/p>\n\n\n\n<p>Ucz\u0119 <strong>metody Silvy<\/strong>, kt\u00f3ra otwiera <strong>nieograniczone mo\u017cliwo\u015bci ludzkiego umys\u0142u<\/strong>. Jest zbiorem praktyk <strong>harmonizuj\u0105cych lew\u0105 i praw\u0105 p\u00f3\u0142kul\u0119 m\u00f3zgu<\/strong> oraz budz\u0105cych <strong>intuicj\u0119 i wyobra\u017ani\u0119.<\/strong><\/p>\n\n\n\n<h2 class=\"wp-block-heading\">Chc\u0119 dzieli\u0107 si\u0119 tym do\u015bwiadczeniem z Tob\u0105 i pokaza\u0107, jak wielk\u0105 masz w sobie moc kreacji i samostanowienia.<\/h2>\n\n\n\n<hr class=\"wp-block-separator has-alpha-channel-opacity\"\/>\n\n\n\n<h2 class=\"wp-block-heading\"><strong><a href=\"https:\/\/ulaszalkowska.com\/index.php\/warsztaty\/\">Kliknij tutaj i dowiedz si\u0119 wi\u0119cej o najbli\u017cszych warsztaty Silva Life i Silva Intuition.<\/a><\/strong><\/h2>\n\n\n\n<hr class=\"wp-block-separator has-alpha-channel-opacity\"\/>\n","protected":false},"excerpt":{"rendered":"<p>Witaj! Dzi\u0119kuj\u0119, \u017ce odwiedzasz moj\u0105 stron\u0119. Ucz\u0119 metody Silvy, kt\u00f3ra otwiera nieograniczone mo\u017cliwo\u015bci ludzkiego umys\u0142u. Jest zbiorem praktyk harmonizuj\u0105cych lew\u0105 i praw\u0105 p\u00f3\u0142kul\u0119 m\u00f3zgu oraz budz\u0105cych intuicj\u0119 i wyobra\u017ani\u0119. Chc\u0119 dzieli\u0107 si\u0119 tym do\u015bwiadczeniem z Tob\u0105 i pokaza\u0107, jak wielk\u0105 masz w sobie moc kreacji i samostanowienia. Kliknij tutaj i dowiedz si\u0119 wi\u0119cej o najbli\u017cszych &hellip; <\/p>\n<p class=\"link-more\"><a href=\"https:\/\/ulaszalkowska.com\/\" class=\"more-link\">Czytaj dalej<span class=\"screen-reader-text\"> \u201eStrona g\u0142\u00f3wna\u201d<\/span><\/a><\/p>\n","protected":false},"author":2,"featured_media":0,"parent":0,"menu_order":0,"comment_status":"closed","ping_status":"closed","template":"","meta":{"footnotes":""},"class_list":["post-8","page","type-page","status-publish","hentry"],"_links":{"self":[{"href":"https:\/\/ulaszalkowska.com\/index.php\/wp-json\/wp\/v2\/pages\/8","targetHints":{"allow":["GET"]}}],"collection":[{"href":"https:\/\/ulaszalkowska.com\/index.php\/wp-json\/wp\/v2\/pages"}],"about":[{"href":"https:\/\/ulaszalkowska.com\/index.php\/wp-json\/wp\/v2\/types\/page"}],"author":[{"embeddable":true,"href":"https:\/\/ulaszalkowska.com\/index.php\/wp-json\/wp\/v2\/users\/2"}],"replies":[{"embeddable":true,"href":"https:\/\/ulaszalkowska.com\/index.php\/wp-json\/wp\/v2\/comments?post=8"}],"version-history":[{"count":8,"href":"https:\/\/ulaszalkowska.com\/index.php\/wp-json\/wp\/v2\/pages\/8\/revisions"}],"predecessor-version":[{"id":190,"href":"https:\/\/ulaszalkowska.com\/index.php\/wp-json\/wp\/v2\/pages\/8\/revisions\/190"}],"wp:attachment":[{"href":"https:\/\/ulaszalkowska.com\/index.php\/wp-json\/wp\/v2\/media?parent=8"}],"curies":[{"name":"wp","href":"https:\/\/api.w.org\/{rel}","templated":true}]}}